common divisor of 12875913 and 783?
261
Calculate the highest common factor of 176 and 551648.
16
What is the greatest common factor of 302519516 and 52?
52
Calculate the highest common factor of 663 and 2029392.
51
What is the greatest common divisor of 13312 and 4342?
26
Calculate the greatest common divisor of 82 and 54748.
2
What is the greatest common divisor of 3021984 and 259?
7
Calculate the greatest common factor of 1928633 and 171.
19
Calculate the highest common divisor of 2064672 and 1005.
201
Calculate the greatest common factor of 584 and 856788444.
292
Calculate the highest common divisor of 327275 and 3705.
1235
What is the highest common factor of 1775410 and 9906?
26
Calculate the highest common factor of 120 and 124434120.
120
What is the highest common divisor of 35854552 and 56?
8
What is the highest common divisor of 18857267 and 187?
187
Calculate the highest common divisor of 31 and 77486639.
31
What is the highest common divisor of 610857 and 4537?
13
Calculate the highest common factor of 125536386 and 48.
6
Calculate the highest common divisor of 366 and 83514.
6
Calculate the greatest common factor of 145107 and 102465.
207
Calculate the highest common factor of 341156 and 11779742.
986
Calculate the highest common factor of 5225741 and 38.
19
What is the greatest common factor of 275498 and 713520?
1982
Calculate the greatest common factor of 11350404 and 307.
307
Calculate the greatest common divisor of 2106667 and 341.
31
What is the greatest common divisor of 1896 and 58296?
24
What is the greatest common factor of 1515 and 1276376895?
1515
Calculate the highest common factor of 19242 and 204952956.
6414
What is the greatest common divisor of 1044434 and 24252?
94
What is the highest common divisor of 2132879 and 22260?
371
What is the highest common factor of 221495537 and 141?
47
What is the highest common divisor of 2585 and 16313653?
47
Calculate the highest common divisor of 30555 and 5040217.
679
Calculate the greatest common divisor of 301 and 18790441.
43
What is the greatest common divisor of 603 and 3220288?
67
What is the highest common divisor of 56018 and 277722?
74
Calculate the highest common factor of 1409112 and 4374.
18
What is the greatest common factor of 24326624 and 487?
487
What is the highest common factor of 381978 and 8?
2
What is the highest common factor of 2090337 and 2?
1
Calculate the highest common divisor of 9861376 and 2688.
896
What is the greatest common divisor of 23325 and 469819925?
7775
What is the highest common divisor of 72 and 3959019?
9
Calculate the greatest common factor of 4 and 24158636.
4
Calculate the greatest common divisor of 3268890 and 690.
30
What is the highest common factor of 2822827 and 21?
7
What is the highest common factor of 121 and 117178919?
11
Calculate the greatest common divisor of 1097125198 and 3107.
3107
What is the greatest common factor of 81786 and 33638772?
1902
Calculate the highest common divisor of 82 and 381919141.
41
Calculate the greatest common divisor of 1656 and 741920292.
828
What is the highest common divisor of 9341158 and 1961714?
7082
Calculate the highest common factor of 6 and 209628474.
6
What is the greatest common factor of 2047928 and 733972?
1124
Calculate the highest common divisor of 92 and 47966063.
23
Calculate the highest common factor of 558303 and 110409.
447
What is the highest common factor of 15820 and 385?
35
Calculate the highest common factor of 437 and 51518443.
19
Calculate the highest common factor of 202880172 and 11.
11
What is the highest common factor of 139693 and 40310?
29
Calculate the greatest common divisor of 56 and 24154151.
7
Calculate the greatest common factor of 12892776 and 507.
39
What is the highest common factor of 5 and 185694460?
5
What is the greatest common factor of 5549 and 370351?
179
What is the highest common divisor of 506 and 910501460?
506
Calculate the highest common factor of 3006 and 37998.
18
Calculate the greatest common divisor of 220656 and 68592.
48
What is the greatest common divisor of 995 and 901955?
5
Calculate the greatest common factor of 4 and 27307842.
2
What is the highest common divisor of 396947618 and 8601?
2867
Calculate the greatest common divisor of 34932 and 5995737.
213
What is the highest common factor of 8 and 269107448?
8
What is the highest common factor of 29220 and 360?
60
What is the greatest common divisor of 7803710 and 430?
10
Calculate the greatest common divisor of 4491495 and 55.
5
Calculate the highest common divisor of 1935433459 and 17.
17
Calculate the highest common factor of 27342 and 6293.
217
Calculate the greatest common divisor of 210 and 26221195.
35
What is the greatest common factor of 212182 and 119110?
554
Calculate the highest common factor of 102 and 152259.
3
What is the highest common divisor of 490620 and 227698?
1258
Calculate the greatest common divisor of 205594125 and 750.
375
What is the greatest common divisor of 238 and 41437874?
34
What is the highest common divisor of 92219292 and 36?
36
Calculate the greatest common factor of 13469984 and 28832.
544
What is the greatest common divisor of 6034165 and 23575?
115
Calculate the highest common factor of 49783815 and 652131.
6723
Calculate the greatest common factor of 4847494476 and 22.
22
What is the greatest common divisor of 6282 and 355525602?
2094
What is the greatest common factor of 756 and 7640220?
84
What is the highest common factor of 402303 and 6789?
219
What is the highest common divisor of 154 and 501929659?
77
Calculate the highest common divisor of 399 and 4648578.
57
What is the greatest common divisor of 1156786 and 86?
86
What is the greatest common divisor of 37050 and 253955?
65
Calculate the highest common divisor of 21897124 and 7694.
7694
Calculate the highest common factor of 633 and 24879221.
211
Calculate the greatest common divisor of 65 and 299429.
13
What is the greatest common divisor of 5372060 and 4853?
211
Calculate the highest common divisor of 57 and 762785799.
57
What is the highest common factor of 404 and 99196?
4
What is the greatest common divisor of 1233487000 and 5872?
2936
What is the highest common divisor of 1922674 and 58838?
1898
What is the greatest common divisor of 133522741 and 1749?
583
Calculate the greatest common factor of 65580 and 71700.
60
Calculate the highest common divisor of 2471812 and 23478.
602
Calculate the highest common divisor of 23544230 and 2639.
29
Calculate the highest common divisor of 57134 and 13310.
22
Calculate the greatest common factor of 4236 and 727212.
12
What is the greatest common divisor of 24309 and 39738?
111
What is the highest common factor of 11466 and 680526?
126
Calculate the greatest common divisor of 988 and 86245484.
988
Calculate the highest common factor of 2199000 and 77000.
1000
What is the greatest common divisor of 10293151 and 11?
11
Calculate the greatest common divisor of 1191269 and 2861205.
3599
What is the greatest common factor of 10 and 994085?
5
Calculate the highest common factor of 2054505 and 13920.
435
What is the greatest common divisor of 66517 and 20759351?
6047
What is the greatest common factor of 64616007 and 3798?
633
Calculate the greatest common factor of 2547952 and 352.
176
Calculate the greatest common factor of 359100 and 1043.
7
What is the highest common divisor of 10769 and 58308617?
89
Calculate the greatest common factor of 94 and 36062865.
47
Calculate the greatest common factor of 29188 and 2656.
4
Calculate the highest common divisor of 78557 and 431.
1
Calculate the greatest common divisor of 136 and 819811672.
136
What is the greatest common divisor of 127053008 and 48?
16
Calculate the greatest common divisor of 11550 and 18612300.
1050
What is the highest common divisor of 13944 and 3193848?
168
What is the highest common divisor of 8 and 11220800?
8
Calculate the greatest common factor of 8260 and 80500.
140
What is the greatest common factor of 350614 and 7964?
22
Calculate the greatest common factor of 451 and 764203.
11
Calculate the greatest common divisor of 1579577412 and 168.
84
Calculate the greatest common divisor of 1666889 and 24311.
1057
Calculate the highest common factor of 275 and 1432993100.
275
Cal